e greatest common factor of u and s?
9
Let p be (-3)/(1 - -1 - 1). Let y be 9/p*11/(-3). Let k be y + -3 + 0/3. What is the greatest common divisor of k and 1?
1
Let m(c) = c - 9. Let k(r) = -r**2 - 8*r - 7. Let z be k(-5). Let h be m(z). Let x be 5/(h/(-6) + 0). What is the highest common divisor of x and 10?
10
Let l be (-37)/185 - 2752/(-10). Calculate the greatest common divisor of 50 and l.
25
Suppose -85*h = -89*h + 480. Calculate the highest common factor of h and 24.
24
Let j(o) = -2*o**2 - 18*o + 3*o**3 + 16*o - 9*o**3. Let u be j(-2). Calculate the highest common divisor of u and 4.
4
Let u be (-1)/2 + 11/22. Suppose u = -3*p + 3*z - 18, 2*p = -0*p - 4*z - 6. Let v = p - -23. What is the highest common factor of 90 and v?
18
Let j be (-1)/(4/32)*42/(-24). Calculate the greatest common divisor of 14 and j.
14
Suppose -3*f = f - 28. Suppose f*r - 204 = 139. Calculate the highest common factor of 7 and r.
7
Suppose 897 = 60*i - 37*i. Calculate the greatest common factor of i and 377.
13
Let z = -17 - -19. Let o be 14*(-2 + (z - -1)). What is the highest common divisor of o and 14?
14
Let r = 153 + -63. Let w = r + -71. What is the greatest common factor of w and 209?
19
Suppose -4*f + 516 = 3*a - 87, 4*a = f + 804. Calculate the greatest common divisor of 12 and a.
3
Suppose 0 = 5*z - 4*m - 372, 0 - 6 = 2*m. What is the highest common factor of z and 243?
9
Suppose -25751 - 26287 = -42*n. Calculate the highest common divisor of n and 21.
21
Suppose 0*d + 2*d = 296. Suppose 0 = 7*o + 30 + 502. Let v = o + d. What is the greatest common factor of v and 24?
24
Suppose -2*a + 1182 = -2*h, -4*a - a = -3*h - 2949. Calculate the greatest common divisor of 24 and a.
12
Let l(v) = -v**2 + 5. Let n be l(-4). Let c be -7 + -5 - 0/(-2). Let i = n - c. Calculate the greatest common divisor of i and 4.
1
Let n = -63 + 103. Suppose 0*i + i - n = 0. Calculate the greatest common factor of 8 and i.
8
Let o be (-3)/18 + 122/12. Let x(h) = -h**3 + 8*h + 80. Let d be x(0). Calculate the greatest common divisor of d and o.
10
Let p be 0 - 0 - (-891)/(-22)*-28. Calculate the highest common factor of 14 and p.
14
Let p(t) = -15*t - 25. Let u be p(-8). Suppose 2*m + 274 = 3*n + u, -8 = 2*m. What is the highest common divisor of n and 38?
19
Suppose -16*t + 13*t + 69 = -3*s, 5*t - 3*s = 113. Let n be 3/12*2*22. Calculate the highest common divisor of n and t.
11
Let k(r) = 8*r**2 - 10*r - 20. Let x be k(6). What is the highest common divisor of x and 48?
16
Let m = -5 + 4. Let l be (-3)/6*6*m. Calculate the highest common factor of l and 1.
1
Let z(v) = -18*v**3 - 6*v**2 - 7*v + 1. Let i be z(-2). What is the greatest common divisor of 18 and i?
9
Let n be (2 - (-3 + -54))*21/21. Let g = 429 - 134. What is the highest common divisor of g and n?
59
Suppose -1 = 2*h - 5. Let r(j) = -j**2 - 6 + 12*j - 3 + 0*j**h. Let p be r(11). What is the greatest common factor of p and 14?
2
Suppose -10*c + 387 = -2013. What is the highest common factor of c and 320?
80
Let j(n) = n**3 - n + 3. Let i = 18 + -18. Let d be j(i). Suppose 0 = d*o + 3*c - c - 2, -c = o. What is the highest common divisor of o and 14?
2
Let i = 1 + 3. Let w = i - 1. Suppose w*n + n - 3*t = 39, -4*t + 14 = 2*n. Calculate the highest common divisor of n and 72.
9
Suppose -5*j + 2*j + 123 = -o, -2*o - 5*j = 246. Let l = o - -198. Let q be l/2*(-4)/(-5). What is the highest common divisor of 45 and q?
15
Let g = -199 - 130. Let j be g/(-14) + 3/(-6). Calculate the highest common divisor of 92 and j.
23
Let n = -32 + 35. Suppose n*t + 120 = 13*t. What is the greatest common factor of t and 18?
6
Suppose 3*w - w = 46. Suppose 0 = -2*c - 5*m - 245, -c - 2*m = -6*c - 569. Let v = 322 + c. Calculate the greatest common factor of v and w.
23
Let u be (21/6)/(1/(-26)). Let x = -39 - u. What is the highest common divisor of 13 and x?
13
Let y be (11 - (-53)/(-5))*(1 - -9). Calculate the greatest common divisor of 12 and y.
4
Let q = 4 + 29. What is the greatest common factor of 55 and q?
11
Suppose 0 = b - 13 + 40. Let o = 32 + b. Suppose 0 = -o*n + 3*n + 200. What is the highest common divisor of n and 20?
20
Let j = -16 + 36. Let i = j - 7. Calculate the greatest common divisor of 13 and i.
13
Let j = -75 + 138. Let c be (-8)/16 + 7/2. Suppose -c*s = -6*s + 27. What is the greatest common factor of j and s?
9
Let z(f) = f**3 - 4*f**2 - 16*f + 42. Let s be z(6). Calculate the greatest common divisor of 4 and s.
2
Let a = -378 + 438. What is the highest common divisor of a and 795?
15
Suppose -107 = 12*i + 265. Let a = 151 + i. What is the greatest common factor of a and 30?
30
Suppose 222 = 4*g - 138. Calculate the greatest common divisor of 10 and g.
10
Suppose 2*v - 212 = -4*t, -5*v - 4*t + 828 = 274. Calculate the greatest common factor of 76 and v.
38
Let l(u) = -u**3 + 20*u**2 + 7*u - 101. Let w be l(20). Calculate the highest common factor of w and 299.
13
Let t(i) = -2*i + 9. Let g(n) = 2*n - 8. Let q(x) = 4*g(x) + 5*t(x). Let f be q(9). Let u be f/30 + 2498/12. Calculate the greatest common factor of 26 and u.
26
Let v = 5 + 0. Suppose -122 + 1 = -p + 3*f, p - 115 = -3*f. Suppose -5*n + p = -4*i + 378, 4*n = -v*i + 284. Calculate the highest common factor of 15 and i.
15
Let h be (7329/(-6))/(-7) - 9/(-6). What is the highest common factor of h and 220?
44
Suppose 5*q = 14*q - 189. Let d be (-2 - -4) + 10 + q. What is the greatest common divisor of d and 99?
33
Suppose 3*g = 3*f + 1434, 5*f = -g - 55 + 521. Calculate the highest common factor of 340 and g.
68
Suppose 22*z = -5*o + 19*z + 240, -z = 2*o - 95. Suppose -3*p + 5*p = 10. Calculate the greatest common factor of o and p.
5
Suppose -25 = -6*i + i. Let o = i + -1. Suppose -14*w - 10*w + 768 = 0. What is the greatest common divisor of o and w?
4
Let o(m) = -m + 11. Let c be o(15). Let i(j) = 4*j**2 + 5*j - 4. Let u be i(c). What is the highest common factor of u and 10?
10
Let r be 21*(-3*(-4)/3 - 3). What is the greatest common factor of r and 861?
21
Let s = -62 - -126. Suppose 4*d = -z + 92, -d + 3*d - 4*z = s. Calculate the highest common divisor of 72 and d.
24
Let k = -233 + 285. Calculate the greatest common divisor of 143 and k.
13
Let w = -369 - -375. What is the highest common divisor of w and 18?
6
Let c = -93 + 138. Suppose 15 = 5*d - 5. Suppose -36 = d*s - 156. What is the greatest common divisor of s and c?
15
Suppose -4*v + 245 - 5 = 0. Suppose -3 = -0*q - q. Suppose 0 = -q*j + 5*x - 10*x + 16, -2*j - 3*x = -12. What is the greatest common factor of j and v?
12
Let m = 34 + 36. Let q be (-20)/m - (-634)/14. Suppose -18 = -0*o - o. Calculate the greatest common factor of o and q.
9
Suppose -x - 3*r = -133, 33 + 318 = 3*x - 3*r. What is the greatest common factor of 143 and x?
11
Let u be 98/(-8) - 3/(-12). Let n be (2 - 4) + 3 + (-23)/(-1). Let b = u + n. Calculate the greatest common factor of b and 120.
12
Let k be -2*12/(-8) - (0 - 10). Calculate the greatest common divisor of 325 and k.
13
Let a = -84 + 338. Let g = a + -149. Calculate the greatest common factor of g and 21.
21
Let t(i) = 2*i + 8. Let j(o) = 1. Let q(a) = 24*j(a) - 4*t(a). Let h be q(-10). Suppose 0*s = 3*s - h. What is the greatest common divisor of s and 6?
6
Let p(j) = -j**2 + 11*j - 19. Let i be p(8). Suppose i*n - 32 - 113 = 0. What is the greatest common factor of n and 203?
29
Suppose 3*p - 13 - 5 = 0. Let n be -36*(-1)/(-6)*-3. Suppose -5*u + 2*u = -n. Calculate the greatest common factor of u and p.
6
Suppose -q = -48*q + 3995. What is the highest common factor of 20 and q?
5
Suppose 3101 = 16*o - 2019. What is the greatest common factor of 40 and o?
40
Let b be (2*18/(-4))/(-1). Let t(z) = z**3 - 7*z**2 - 6*z - 8. Let v be t(b). What is the highest common factor of v and 40?
20
Let i(k) = k**3 - k + 1. Let y be i(0). Suppose 0 = 5*o - 9 - y. Suppose o*v = v + 8. Calculate the greatest common factor of 64 and v.
8
Let k = 484 + -280. What is the greatest common divisor of k and 12?
12
Let z be ((-6)/(-10))/(25/28125). Calculate the highest common factor of z and 54.
27
Let q(r) = 6*r**2 - r - 12. Suppose -3*k - 16 - 2 = 0. Let v be q(k). Let b be 4/14 - (-208)/7. What is the highest common divisor of b and v?
30
Let d be 39*((-68)/(-24) - (-6)/(-4))